ive w(d).
0
Suppose 16*k - 94 = -78*k. Let p(x) = -14*x**3 - x**2 + 2*x - 2. What is p(k)?
-15
Let g(b) = 16*b + 210. Let k be (12 + 732/(-48))*(5 - 1). Give g(k).
2
Let p(l) = 3 - 2*l - 1 + 19. Let b = -36814 - -36829. Give p(b).
-9
Suppose 0 = -84*u + 33*u. Let h(s) = -3*s**2 + 2*s + 12. Calculate h(u).
12
Let b(t) = 73*t**2 + 39*t - 7. Let p(n) = 145*n**2 + 84*n - 15. Let j(r) = -13*b(r) + 6*p(r). Calculate j(1).
-81
Let r(q) be the second derivative of -q**5/60 - 7*q**4/24 + 5*q**3/6 - 147*q**2/2 - 41*q. Let f(l) be the first derivative of r(l). Calculate f(-4).
17
Suppose -83*a = -85*a + 4. Let u(r) = r**2 + 12*r - 6*r + 2 + 6*r**a - 5*r**2. Calculate u(-6).
38
Let s(c) be the second derivative of c**5/20 + 11*c**4/6 + 7*c**3/2 - 5*c**2/2 + 4*c - 1623. Let n = 50 - 71. Determine s(n).
-5
Let b(z) be the first derivative of -z**2/2 - 2*z + 21. Let d be (-2)/(-15) - (-16)/(-120). Suppose -4*l = -d*l. Give b(l).
-2
Let o(j) = -j**2 - 9 + 29*j - 4*j - 7 - 10*j + 3. What is o(16)?
-29
Let x(k) = 7 - 1 - 6 + 0*k + 2 + 2*k + 7. Let c = -25 + 16. Give x(c).
-9
Let r = -12 + -1. Let j = r - -13. Let t(c) be the first derivative of c**4/4 - c**3/3 - c**2/2 + 13*c + 60. Determine t(j).
13
Let s(f) be the first derivative of 5*f - 2/3*f**3 - 31 + 7/2*f**2. Determine s(6).
-25
Let t(k) = -k**2 + k - 1. Let l(m) = -11*m + 21. Let w be l(2). Let r(y) = -7*y**2 + 18*y - 10. Let n(o) = w*r(o) + 6*t(o). Calculate n(10).
-16
Let t(u) = 91*u + 5. Let b(m) = 200*m + 7. Let g(p) = -7*b(p) + 15*t(p). Determine g(1).
-9
Let q(v) = -v**3 + 2*v**2 - 3*v - 9. Let a(c) = -c**3 + c**2 - 3*c - 12. Let f(x) = -3*a(x) + 4*q(x). Let k be 2/(-4)*(-4 - 0). Determine f(k).
6
Let y(q) = -15*q + 8. Let k(a) = -45*a + 23. Let g(o) = 3*k(o) - 8*y(o). Let i(c) = -48*c + 16. Let x(l) = 7*g(l) - 2*i(l). Give x(1).
-6
Let h = -6602 - -6608. Let r(c) = -c**2 + 4*c + 22. Determine r(h).
10
Let n(v) = v**3 + v. Let c(p) = -11*p**3 + 3*p**2 - 63*p - 12. Let a(r) = -c(r) - 12*n(r). Determine a(6).
-6
Let p(m) = 6*m**2 - 5*m + 10. Let j(o) = 11*o**2 - 21*o + 22. Let h(d) = -4*j(d) + 7*p(d). Determine h(24).
6
Let c = -4 - 5. Let o(z) be the first derivative of z**4/12 + 7*z**3/6 - 5*z**2 + 33*z - 30. Let y(h) be the first derivative of o(h). Give y(c).
8
Let k(z) = z**3 + 7*z**2 - 17*z + 23. Let x = -748 + 739. What is k(x)?
14
Let d(a) = a**2 - 21*a + 44. Suppose 0 = -44*f + 569 + 355. Give d(f).
44
Suppose m = 138*k - 142*k - 18, 4*k - 6 = 3*m. Let x(h) = -8*h + 14. Let v(f) = -7*f + 13. Let c(a) = -7*v(a) + 6*x(a). Give c(m).
-13
Let d(p) be the second derivative of 0 - 1/15*p**5 + 1/120*p**6 + 0*p**4 - 7*p**2 + 0*p**3 - 9*p. Let h(r) be the first derivative of d(r). Give h(4).
0
Let l(c) = c - 3 + 0 - 5. Suppose -4*y = -k + 1039 - 195, 4*y - 4*k + 856 = 0. Let r be ((-6)/5)/(7/y*-6). What is l(r)?
-14
Let c(r) be the second derivative of -r**3 - 4*r - 1/12*r**4 + 12 + r**2. Let k = 7 - 13. Determine c(k).
2
Let l(t) = 18*t - 61. Let r = -1106 + 1110. What is l(r)?
11
Let w be (2/3)/(-3*(-6)/135). Suppose w - 10 = z. Let f(k) = k**2 + 3*k - 5. Give f(z).
5
Suppose -73877*z - 588 = -73779*z. Let n(p) = 7*p**2 + 16*p + 15. Let u(y) = -3 - 6*y**2 - 4 + 3*y**2 - 8*y. Let h(r) = 2*n(r) + 5*u(r). Calculate h(z).
7
Let d(j) = 26*j + 6. Let o(w) = 56*w + 14 + 6 - 7. Let k(m) = -13*d(m) + 6*o(m). Suppose 4*n + 5*h = 2*n + 26, n = 3*h - 9. Determine k(n).
-6
Let j(d) = 2*d**2 + 5*d + 4. Suppose 5*o = -5*g + 10, 3 = -3*o - g + 11. Suppose 0 = w, 3*w = -z - 0*w - o. Calculate j(z).
7
Let a(u) = u**3 + 8*u**2 + 3*u - 13. Let p = 4782 + -4789. What is a(p)?
15
Suppose 464*m - 460*m = 4. Let w(r) be the second derivative of r**4/12 - r**3/3 + 3*r**2/2 + 2*r + 5. Give w(m).
2
Let b be (-105)/(-75) - 48/(-5). Let s(a) = -2 - 3 + 10*a - b*a + 3*a**2 + 4. Calculate s(4).
43
Let y(p) be the third derivative of -p**5/30 - 23*p**4/24 - 17*p**3/3 - 2377*p**2. Determine y(-9).
11
Suppose 9 - 1 = -4*x + 4*j, 0 = x + 5*j - 4. Let a(v) be the second derivative of 0*v**2 + 0 + 5/12*v**4 + 4*v - 1/6*v**3. Give a(x).
6
Suppose 2*n = -t + 96, 0 = -t + 5*n - 4*n + 96. Let u = t - 94. Let z(w) = -w**2 + 2*w - 1. Give z(u).
-1
Let u(o) = 2*o**2 + 10*o + 2. Let a be 5/(-15)*-24 - -8. Suppose 0 = -m + 11 - a. What is u(m)?
2
Let o = -689 - -691. Let s(j) = -303*j**2 - 4 - 302*j**o - 6*j + 607*j**2. What is s(6)?
32
Let k = 7 - 5. Let o(t) = 3*t**2 - 3*t - 4. Let y = -29 - -27. Let a(f) = 16*f**2 - 16*f - 21. Let w(s) = y*a(s) + 11*o(s). What is w(k)?
0
Let j(k) = 3*k + 1. Let o(a) = -a**2 + 8*a - 6. Let x be o(3). Let w be (-110)/x - (-8)/36. Let y be 2/w*-2 - 10/3. Give j(y).
-8
Let r(v) be the first derivative of 1/2*v**2 - 15 - 1/3*v**3 + 7*v. Let s = 110 + -105. Give r(s).
-13
Let n(g) be the second derivative of g**5/20 + g**4/12 - g**3/2 - 3*g**2 + 22*g - 7. What is n(-4)?
-42
Let j(o) = -2*o - 1. Let n(b) = -5*b - 4. Let h(l) = -8*j(l) + 3*n(l). Suppose 4*t = 8*r + 9*t - 19, 0 = 39*t - 38*t + 1. Give h(r).
-1
Let o(z) = -z**2 - 21*z - 114. Let t be o(-12). Let f(q) = -q**3 - 6*q**2 + 2*q + 8. Give f(t).
-4
Let h = 997 - 1073. Let f be -1*7 - (-456)/h. Let q(w) = w**2 + 10*w - 14. What is q(f)?
25
Let h = -6 - -4. Let m be 0/((-4)/h - 1). Let g(t) be the second derivative of -t**5/20 - t**3/6 + 15*t**2/2 - 527*t. What is g(m)?
15
Let h(i) = -3*i + 13. Suppose -4*b - t + 12 = -6, -3*b = t - 14. Let v be h(b). Let p(u) = 39*u**2 - 1. What is p(v)?
38
Let t = 618 - 618. Suppose -5*m + t*o = -3*o + 6, 5*o + 15 = 0. Let b(i) = -2*i + 6. Determine b(m).
12
Let i(n) be the third derivative of n**6/360 - n**5/120 + n**4/8 - n**3/6 + 10*n**2. Let m(k) be the second derivative of i(k). What is m(-1)?
-3
Suppose u - 932*p = -931*p + 11, 0 = -4*p - 12. Let k(x) = 33*x - 245. Give k(u).
19
Let f(l) = 93*l - 57*l - 41*l + 55. What is f(18)?
-35
Let c = -3 - -9. Let r(u) be the third derivative of -7/6*u**3 + 0 + 1/24*u**4 + 0*u + 32*u**2. Give r(c).
-1
Let n(i) = 226*i**3 - 11 - i + 3 - 225*i**3 + 16*i**2. Let b be n(-16). Let s(c) be the first derivative of -c**2/2 + 9*c + 15. Give s(b).
1
Let m(n) = n - 22. Let y(q) = -6*q + 88. Let r(z) = 9*m(z) + 2*y(z). Calculate r(-9).
5
Let h(b) be the second derivative of 7*b**3/6 + 10*b**2 - 6635*b. Calculate h(-2).
6
Suppose 9 = -6*o + 5*o. Let p(c) be the third derivative of 0*c + 1/24*c**4 + 1/2*c**3 + 65*c**2 + 0. Determine p(o).
-6
Let d(r) = 11*r - 913. Let j be d(84). Let l(g) = g**2 - 11*g. Calculate l(j).
0
Let x(h) = -h**2 - 9*h + 6. Let d be x(-9). Let v(y) = y**2 - 10*y - 34. Let t be v(13). Let u(m) = -t - 1 + 2*m + 0 - d. What is u(8)?
4
Let r be 21/(-3)*(-1)/(-1). Let n(x) be the third derivative of x**5/60 + x**4/6 + x**3/2 - 14*x**2. Give n(r).
24
Let b(s) be the first derivative of -4*s**2 + s - 3. Let z(j) = 9*j**3 + 55*j**2 + 42*j - 43. Let p be z(-5). Determine b(p).
25
Let s(m) = -7*m + 212. Suppose 3834 + 1686 = 184*w. Give s(w).
2
Let s(c) = 5*c - 3. Let p be ((-76)/5)/((-61)/610). Let b = p + -150. Determine s(b).
7
Let i be (22/(-143))/((-8)/26)*22. Suppose i*r = 29*r + 108. Let s(c) = -c**2 - 8*c - 2. Give s(r).
10
Suppose -27 = -3*c + 5*m, c = -0*c - 3*m - 19. Let q(t) = 20*t**3 + t + 1. What is q(c)?
-20
Let d be ((3 - 2) + (-129)/21)/((-80)/(-840)). Let h(z) = -9*z**2 - 486*z + 7. Calculate h(d).
7
Suppose -62 + 9 = -3*v - 2*y, 0 = 3*v + 5*y - 38. Let c(x) = x**2 - 20*x - 23. Give c(v).
-2
Let b(k) = -2*k + 11*k**2 + 33 - 9*k**2 - 3*k - 3*k**2. Determine b(-9).
-3
Let o(j) be the second derivative of j**4/12 - 2*j**3 - 39*j**2/2 - 114*j. Give o(14).
-11
Let b(x) = x**3 + 2*x**2 - x + 1. Let t be -4 + (-7 - 4)*-2. Suppose 4*q - t = -118. Let s = q + 23. What is b(s)?
3
Let x(q) be the third derivative of -q**6/240 + q**5/30 - 91*q**4/24 - q**3/3 - 54*q**2. Let t(z) be the second derivative of x(z). Give t(10).
-26
Let l(x) = x**2 - 7*x - 11. Let o be l(9). Let m(z) = -551 + 262 + 296 - 2*z**2 - 7*z + 3*z**2. Give m(o).
7
Let s(c) = 2*c**2 - c - 3. Suppose 17 - 14 = a, 2*d - 44 = 2*a. Suppose d*p - 24*p = 3. Determine s(p).
12
Let z(s) = -5*s + 3. Let a(u) be the first derivative of u**4/4 - 2*u**2 + 2*u + 3. Let m be (-584)/438*6/4. Let q be a(m). Give z(q).
-7
Let v(l) = 4*l**2 + 15*l - 11. Let f(k) = -k**2 - k + 1. Let i(c) = -3*f(c) - v(c). Suppose 